by w.
54
Let s = -2293 - -5596. What is the remainder when s is divided by 58?
55
Let j = -3878 - -4074. Calculate the remainder when 199 is divided by j.
3
What is the remainder when 250 is divided by (-2 - (-2)/3)/((-7)/84)?
10
Let g(y) = -y - 3. Let s(u) = -4*u + 21. Let z(x) = 6*g(x) - s(x). Calculate the remainder when 90 is divided by z(-39).
12
Suppose 339*w - 21624 = 311*w + 2652. Calculate the remainder when w is divided by 305.
257
Let p = 9252 + -8767. What is the remainder when p is divided by 123?
116
What is the remainder when 149 is divided by 312/15 + (158 - 148) + (-98)/10?
2
Let t be (-9)/6*4/3*4. Calculate the remainder when (-246)/((-48)/t - 8) is divided by 9.
6
Suppose 5*d = 171*s - 166*s - 180, -3*d = -4*s + 136. What is the remainder when (81 - 2) + 1 + 1 is divided by s?
25
Calculate the remainder when (-3 - (-12)/16) + 66066/264 is divided by 32.
24
Suppose -4*n + 5*l - 32 = -35, 5*n = -5*l + 60. What is the remainder when 5284 is divided by n?
6
Suppose 0 = -k - 3*j - 5, 20 = 4*j + 12. Let u(t) = t**2 + 9*t - 1. What is the remainder when 119 is divided by u(k)?
14
Let a be (-118)/(-2)*(3 + -8 - 2). What is the remainder when 588 is divided by (-4)/((-1624)/a - 4)?
57
Suppose -4*q = -3*q - 1, -15 = -2*i - 5*q. What is the remainder when (4 - (-44)/(-6))*(-114)/i is divided by 28?
20
Suppose -7080*m + 70 = -7073*m. What is the remainder when 178 is divided by m?
8
Let z(p) = -40*p + 257. What is the remainder when 820 is divided by z(3)?
135
Let n be -6*120/(-27)*6/4. Suppose -s + n = 6. Let j = 46 - s. Calculate the remainder when 35 is divided by j.
11
Suppose 2*t - 226 = -2*s, 76 = 2*s + 5*t - 168. What is the remainder when 379 is divided by s?
58
Let z = -661 + 1151. Let m = z + -295. What is the remainder when m is divided by 33?
30
Suppose -132*y + 14*y = -5910 + 836. Let t be (-32)/(-20) + 2/5. Suppose -4*b = -7*r + t*r - 68, 3*b - 78 = -3*r. What is the remainder when y is divided by b?
21
Suppose 52*c + 17*c = -67*c + 20944. What is the remainder when c is divided by 90?
64
Suppose -m + f - 358 = 0, -45 = -3*m + 4*f - 1114. Let s = 562 + m. Calculate the remainder when s is divided by 39.
4
Let s be ((0 - 5) + -2)/(30/60). Let i(o) = -o**2 - 15*o. Calculate the remainder when 17 is divided by i(s).
3
Suppose 2*v - 80 = -2*v. Let x = -2280 - -2334. What is the remainder when x is divided by v?
14
Let h(q) = 2*q**2 - 45*q - 69. Let f be h(27). Suppose 514*p - 512*p - f = 0. What is the remainder when 323 is divided by p?
62
Let i(f) = 2*f**3 - 235*f**2 - 353*f - 402. What is the remainder when 7028 is divided by i(119)?
72
Let m(q) = -136*q + 266*q + 0 - q**2 - 1 - 134*q. Let j be m(-3). Let v(u) = 12*u**2 - 16*u - 1. Calculate the remainder when 102 is divided by v(j).
12
Let o = 98 - 24. Suppose -15*m + o + 91 = 0. Let g = 41 - 25. Calculate the remainder when g is divided by m.
5
Suppose 234 = -0*g + 3*g - 2*a, 2*a + 6 = 0. Suppose 134*h + 207*h = 86944 + 10923. What is the remainder when h is divided by g?
59
Suppose k = -10*w + 6719, 6*k + w = 8*k - 13312. What is the remainder when k is divided by 20?
19
Let j(y) = -3 - 2 - 112*y**2 - 108*y**2 + 221*y**2. Let p be j(3). Suppose f = -4*l + 164 + 220, l - 96 = p*f. What is the remainder when l is divided by 33?
30
Suppose 23973 - 1255 = 158*p - 15044. What is the remainder when p is divided by ((-61)/3)/((-1)/3)?
56
Suppose -3*f - 15 = 0, -3*r + r + 11 = 3*f. Let k(v) = v**3 - 14*v**2 + 13*v + 15. Let y = -36 + 138. What is the remainder when y is divided by k(r)?
12
Suppose -2*o - 2*y + 7806 = 0, 4*o + 0*o - 15602 = -2*y. What is the remainder when o is divided by 30?
28
Suppose 24249 = 47*y - 33061 - 47312. Calculate the remainder when y is divided by 36.
30
Suppose i = -2*g - 6 + 168, -i - 90 = -g. Let p(d) = d**2 + 4. What is the remainder when g is divided by p(3)?
6
Let k = 115 + -107. Suppose -1957 = -10*y - 9*y. What is the remainder when y is divided by k?
7
Suppose 0 = 7*n - 1849 - 1588. Let w = -13362 + 13391. Calculate the remainder when n is divided by w.
27
Let z(d) = 6*d + 55. Let g = 120 + -124. Calculate the remainder when 123 is divided by z(g).
30
Suppose -98*q = -89*q - 648. What is the remainder when 580 is divided by q?
4
Let z be (-6)/(-18) + (-53)/(-3). Suppose z*l - 376 = -142. What is the remainder when 127 is divided by l?
10
Let o = -10449 - -10511. Calculate the remainder when 727 is divided by o.
45
What is the remainder when 4/14 - 104/112*-354 is divided by 113?
103
Suppose 3*i - 15 = -3*p + 4*i, 2*p - 5*i = -3. Let r(q) = 35*q**2 + 5. Let u be r(p). Calculate the remainder when u/22*(-8)/(-10) is divided by 16.
14
Suppose 26*j = 5747 - 4057. What is the remainder when 769 is divided by j?
54
Let s(c) = 43*c**3 + 20*c**2 - c. Calculate the remainder when 626 is divided by s(1).
6
What is the remainder when 7/(63/18696) - 225/(-135) is divided by 3?
0
Suppose 10 - 5 = t. Suppose t*o + 4 = -11. What is the remainder when 15 is divided by (-48)/36 - 34/o?
5
Let c = -234 + 312. Suppose -14*d + c = -664. Calculate the remainder when 154 is divided by d.
48
Let t = 22 + -7. Suppose -46*n - 68*n = -3762. Suppose n = 4*i - t. Calculate the remainder when i is divided by 3.
0
Suppose -21437 = -11*u - 12329. What is the remainder when u is divided by 83?
81
Let j be 1 + 35 - (-56 + 55). Suppose -9*i + j = -107. Calculate the remainder when 286 is divided by i.
14
Let m(a) = 5*a**2 + 2*a - 3. Let l be m(1). Suppose -3*y = -2*y - 1, 3*v - l*y = 14. Let t(b) = 5*b - 12. What is the remainder when t(v) is divided by 5?
3
Suppose 15*s + 175 = 20*s. Calculate the remainder when ((-308)/s)/((-2)/5) - 2 is divided by 18.
2
Suppose 5*z = 6*l - 1719, 8*z = 4*l + 5*z - 1145. Let y(f) = f**3 - 4*f**2 + 3*f + 1. What is the remainder when l is divided by y(5)?
38
Suppose 6626 = 56*b + 842 - 488. What is the remainder when 887 is divided by b?
103
Let b(z) = z**3 + 24*z**2 + 23*z + 36. Let q(l) = -l**3 + 14*l**2 + l - 37. Let g be q(14). What is the remainder when 115 is divided by b(g)?
7
Suppose -1628 = -3*o + 5*k, 2*k - 4*k = 8. Suppose -5*i - 2*f + 271 = -280, 5*i = 3*f + o. Calculate the remainder when i is divided by 61.
48
Suppose -7*s + 7544 = 3*l, 16*s - 20*s = -l - 4319. What is the remainder when s is divided by 99?
89
Let w(t) = t**3 + 21*t**2 - 14*t - 49. Let f = 226 + -247. Calculate the remainder when w(f) is divided by 13.
11
Suppose 0 = 5*p - 5*f - 580, 2*p - 233*f = -237*f + 256. Calculate the remainder when 743 is divided by p.
23
Suppose -16*l + 68*l - 11908 = 0. What is the remainder when l is divided by 82?
65
Suppose -8*n + 210 = -3*n. Calculate the remainder when 10/(-75) + 316*207/540 is divided by n.
37
Let l = -2597 - -2693. Calculate the remainder when l is divided by 69.
27
Let x(a) = -a**2 - 80*a + 2138. Calculate the remainder when (-1)/((-2)/4) + 28 is divided by x(21).
13
Let u(n) = -n**2 + 10*n + 10. Let b be u(6). Let z = 8 + b. Let t(v) = 2*v**3 - 36*v**2 - 38*v + 23. What is the remainder when z is divided by t(19)?
19
Let l = 7383 - 3490. What is the remainder when l is divided by 59?
58
Suppose -46800 = 429275*g - 429301*g. Calculate the remainder when g is divided by 1790.
10
Suppose 28 = -12*t + 13*t. Let u be (-13)/3 - (-7)/21. What is the remainder when t is divided by 0 + -3 - (u - 15)?
12
Let a(l) = 32*l - 5. Let m be a(4). Suppose 0 = 3*q - m + 405. Calculate the remainder when 114 is divided by 6 - (-114)/(-18) - q/3.
21
Suppose -5*x + 54*a = 55*a - 231, -90 = -2*x + 2*a. What is the remainder when 87 is divided by x?
41
Let y(p) = p - 1. Let c(a) = -9*a - 12. Let t(s) = c(s) - 5*y(s). Let v be t(-2). Suppose v*j = 17*j + 168. What is the remainder when j is divided by 11?
9
What is the remainder when 54/(10/(3080/66)) is divided by 121?
10
Suppose 3*l = -4*t + 154, -90 = -2*t - 3*l - 16. Suppose -4*p + 1126 = -234. Let y = 457 - p. Calculate the remainder when y is divided by t.
37
Let o = 1082 - 635. Calculate the remainder when o is divided by 151.
145
Let b be -4*(-4 + (-28)/(-8)). Suppose -v - 1 = b. Let w(k) = 9*k**2 + k + 1. Calculate the remainder when w(v) is divided by 21.
16
Let r(y) = y**2 - 49*y - 1187. Let f be r(74). Let l be (-2 - 0) + (-24)/(-2). Suppose 23*u = l*u + f. What is th